{"id":2463,"date":"2026-09-01T12:54:44","date_gmt":"2026-09-01T10:54:44","guid":{"rendered":"https:\/\/demo.min-pan.krakow.pl\/instytut\/?page_id=2463"},"modified":"2026-09-01T13:01:40","modified_gmt":"2026-09-01T11:01:40","slug":"30-lecie-instytutu-2016","status":"publish","type":"page","link":"https:\/\/demo.min-pan.krakow.pl\/instytut\/jubileusz-instytutu\/30-lecie-instytutu-2016\/","title":{"rendered":"30-lecie Instytutu \u2013 2016"},"content":{"rendered":"<p>Trzy dekady zaanga\u017cowania w zr\u00f3wnowa\u017cone gospodarowanie surowcami i energi\u0105.<\/p>","protected":false},"excerpt":{"rendered":"<p>Trzy dekady zaanga\u017cowania w zr\u00f3wnowa\u017cone gospodarowanie surowcami i energi\u0105.<\/p>\n","protected":false},"author":1,"featured_media":0,"parent":2455,"menu_order":11,"comment_status":"closed","ping_status":"closed","template":"","meta":{"footnotes":""},"_links":{"self":[{"href":"https:\/\/demo.min-pan.krakow.pl\/instytut\/wp-json\/wp\/v2\/pages\/2463"}],"collection":[{"href":"https:\/\/demo.min-pan.krakow.pl\/instytut\/wp-json\/wp\/v2\/pages"}],"about":[{"href":"https:\/\/demo.min-pan.krakow.pl\/instytut\/wp-json\/wp\/v2\/types\/page"}],"author":[{"embeddable":true,"href":"https:\/\/demo.min-pan.krakow.pl\/instytut\/wp-json\/wp\/v2\/users\/1"}],"replies":[{"embeddable":true,"href":"https:\/\/demo.min-pan.krakow.pl\/instytut\/wp-json\/wp\/v2\/comments?post=2463"}],"version-history":[{"count":2,"href":"https:\/\/demo.min-pan.krakow.pl\/instytut\/wp-json\/wp\/v2\/pages\/2463\/revisions"}],"predecessor-version":[{"id":2469,"href":"https:\/\/demo.min-pan.krakow.pl\/instytut\/wp-json\/wp\/v2\/pages\/2463\/revisions\/2469"}],"up":[{"embeddable":true,"href":"https:\/\/demo.min-pan.krakow.pl\/instytut\/wp-json\/wp\/v2\/pages\/2455"}],"wp:attachment":[{"href":"https:\/\/demo.min-pan.krakow.pl\/instytut\/wp-json\/wp\/v2\/media?parent=2463"}],"curies":[{"name":"wp","href":"https:\/\/api.w.org\/{rel}","templated":true}]}}

<p>Trzy dekady zaangażowania w zrównoważone gospodarowanie surowcami i energią.</p>
