{"id":2461,"date":"2026-09-01T12:54:18","date_gmt":"2026-09-01T10:54:18","guid":{"rendered":"https:\/\/demo.min-pan.krakow.pl\/instytut\/?page_id=2461"},"modified":"2026-09-01T13:00:59","modified_gmt":"2026-09-01T11:00:59","slug":"35-lecie-instytutu-2021","status":"publish","type":"page","link":"https:\/\/demo.min-pan.krakow.pl\/instytut\/jubileusz-instytutu\/35-lecie-instytutu-2021\/","title":{"rendered":"35-lecie Instytutu \u2013 2021"},"content":{"rendered":"<p>Trzy i p\u00f3\u0142 dekady rozwoju i innowacyjnych rozwi\u0105za\u0144.<\/p>","protected":false},"excerpt":{"rendered":"<p>Trzy i p\u00f3\u0142 dekady rozwoju i innowacyjnych rozwi\u0105za\u0144.<\/p>\n","protected":false},"author":1,"featured_media":0,"parent":2455,"menu_order":12,"comment_status":"closed","ping_status":"closed","template":"","meta":{"footnotes":""},"_links":{"self":[{"href":"https:\/\/demo.min-pan.krakow.pl\/instytut\/wp-json\/wp\/v2\/pages\/2461"}],"collection":[{"href":"https:\/\/demo.min-pan.krakow.pl\/instytut\/wp-json\/wp\/v2\/pages"}],"about":[{"href":"https:\/\/demo.min-pan.krakow.pl\/instytut\/wp-json\/wp\/v2\/types\/page"}],"author":[{"embeddable":true,"href":"https:\/\/demo.min-pan.krakow.pl\/instytut\/wp-json\/wp\/v2\/users\/1"}],"replies":[{"embeddable":true,"href":"https:\/\/demo.min-pan.krakow.pl\/instytut\/wp-json\/wp\/v2\/comments?post=2461"}],"version-history":[{"count":2,"href":"https:\/\/demo.min-pan.krakow.pl\/instytut\/wp-json\/wp\/v2\/pages\/2461\/revisions"}],"predecessor-version":[{"id":2468,"href":"https:\/\/demo.min-pan.krakow.pl\/instytut\/wp-json\/wp\/v2\/pages\/2461\/revisions\/2468"}],"up":[{"embeddable":true,"href":"https:\/\/demo.min-pan.krakow.pl\/instytut\/wp-json\/wp\/v2\/pages\/2455"}],"wp:attachment":[{"href":"https:\/\/demo.min-pan.krakow.pl\/instytut\/wp-json\/wp\/v2\/media?parent=2461"}],"curies":[{"name":"wp","href":"https:\/\/api.w.org\/{rel}","templated":true}]}}

<p>Trzy i pół dekady rozwoju i innowacyjnych rozwiązań.</p>
