{"id":2455,"date":"2026-09-01T12:48:31","date_gmt":"2026-09-01T10:48:31","guid":{"rendered":"https:\/\/demo.min-pan.krakow.pl\/instytut\/?page_id=2455"},"modified":"2026-09-01T12:59:37","modified_gmt":"2026-09-01T10:59:37","slug":"jubileusz-instytutu","status":"publish","type":"page","link":"https:\/\/demo.min-pan.krakow.pl\/instytut\/jubileusz-instytutu\/","title":{"rendered":"Jubileusz Instytutu"},"content":{"rendered":"<p>Jubileusz Instytutu to wa\u017cne momenty w naszej historii. Upami\u0119tniamy w nich osi\u0105gni\u0119cia, kluczowe wydarzenia oraz rozw\u00f3j Instytutu na przestrzeni lat. To tak\u017ce okazja do refleksji nad nasz\u0105 misj\u0105 i wyzwaniami przysz\u0142o\u015bci.<\/p>","protected":false},"excerpt":{"rendered":"<p>Jubileusz Instytutu to wa\u017cne momenty w naszej historii. Upami\u0119tniamy w nich osi\u0105gni\u0119cia, kluczowe wydarzenia oraz rozw\u00f3j Instytutu na przestrzeni lat. To tak\u017ce okazja do refleksji nad nasz\u0105 misj\u0105 i wyzwaniami przysz\u0142o\u015bci.<\/p>\n","protected":false},"author":1,"featured_media":0,"parent":0,"menu_order":14,"comment_status":"closed","ping_status":"closed","template":"","meta":{"footnotes":""},"_links":{"self":[{"href":"https:\/\/demo.min-pan.krakow.pl\/instytut\/wp-json\/wp\/v2\/pages\/2455"}],"collection":[{"href":"https:\/\/demo.min-pan.krakow.pl\/instytut\/wp-json\/wp\/v2\/pages"}],"about":[{"href":"https:\/\/demo.min-pan.krakow.pl\/instytut\/wp-json\/wp\/v2\/types\/page"}],"author":[{"embeddable":true,"href":"https:\/\/demo.min-pan.krakow.pl\/instytut\/wp-json\/wp\/v2\/users\/1"}],"replies":[{"embeddable":true,"href":"https:\/\/demo.min-pan.krakow.pl\/instytut\/wp-json\/wp\/v2\/comments?post=2455"}],"version-history":[{"count":2,"href":"https:\/\/demo.min-pan.krakow.pl\/instytut\/wp-json\/wp\/v2\/pages\/2455\/revisions"}],"predecessor-version":[{"id":2467,"href":"https:\/\/demo.min-pan.krakow.pl\/instytut\/wp-json\/wp\/v2\/pages\/2455\/revisions\/2467"}],"wp:attachment":[{"href":"https:\/\/demo.min-pan.krakow.pl\/instytut\/wp-json\/wp\/v2\/media?parent=2455"}],"curies":[{"name":"wp","href":"https:\/\/api.w.org\/{rel}","templated":true}]}}

<p>Jubileusz Instytutu to ważne momenty w naszej historii. Upamiętniamy w nich osiągnięcia, kluczowe wydarzenia oraz rozwój Instytutu na przestrzeni lat. To także okazja do refleksji nad naszą misją i wyzwaniami przyszłości.</p>
